{"id":2,"date":"2024-01-05T11:06:18","date_gmt":"2024-01-05T10:06:18","guid":{"rendered":"https:\/\/logo.loefflerp.net\/?page_id=2"},"modified":"2025-05-11T18:45:09","modified_gmt":"2025-05-11T16:45:09","slug":"beispiel-seite","status":"publish","type":"page","link":"https:\/\/loeffler-logopaedie.de\/","title":{"rendered":""},"content":{"rendered":"\n<p><\/p>\n\n\n\n<h2 class=\"wp-block-heading has-text-align-center\" style=\"font-size:clamp(35.641px, 2.228rem + ((1vw - 3.2px) * 3.058), 65px);\">Willkommen<\/h2>\n\n\n\n<p class=\"has-text-align-center\" style=\"font-size:clamp(0.875rem, 0.875rem + ((1vw - 0.2rem) * 0.708), 1.3rem);\">Hau\u00dfmannstra\u00dfe 1<br>96450 Coburg<\/p>\n\n\n\n<hr class=\"wp-block-separator has-alpha-channel-opacity is-style-wide\" style=\"margin-top:var(--wp--preset--spacing--20);margin-bottom:var(--wp--preset--spacing--20)\"\/>\n\n\n\n<h4 class=\"wp-block-heading has-text-align-center\">Sie k\u00f6nnen mich erreichen unter<\/h4>\n\n\n\n<p class=\"has-text-align-center\">Telefon: +49 9561 3537373<br>Telefax: +49 9561 3539698<br>praxis@loeffler-logopaedie.de<\/p>\n\n\n\n<hr class=\"wp-block-separator has-alpha-channel-opacity is-style-wide\" style=\"margin-top:var(--wp--preset--spacing--20);margin-bottom:var(--wp--preset--spacing--20)\"\/>\n\n\n\n<p class=\"has-text-align-center has-medium-font-size\">Hausbesuche m\u00f6glich, wenn \u00e4rztlich verordnet<br><br>Eigene Parkpl\u00e4tze vorhanden<\/p>\n\n\n\n<figure class=\"wp-block-image size-large has-custom-border\"><img loading=\"lazy\" decoding=\"async\" width=\"1024\" height=\"683\" src=\"https:\/\/loeffler-logopaedie.de\/wp-content\/uploads\/2024\/06\/IMG_4610-1-1024x683.jpg\" alt=\"\" class=\"wp-image-267\" style=\"border-radius:35px\" srcset=\"https:\/\/loeffler-logopaedie.de\/wp-content\/uploads\/2024\/06\/IMG_4610-1-1024x683.jpg 1024w, https:\/\/loeffler-logopaedie.de\/wp-content\/uploads\/2024\/06\/IMG_4610-1-300x200.jpg 300w, https:\/\/loeffler-logopaedie.de\/wp-content\/uploads\/2024\/06\/IMG_4610-1-768x512.jpg 768w, https:\/\/loeffler-logopaedie.de\/wp-content\/uploads\/2024\/06\/IMG_4610-1-1536x1024.jpg 1536w, https:\/\/loeffler-logopaedie.de\/wp-content\/uploads\/2024\/06\/IMG_4610-1-2048x1365.jpg 2048w\" sizes=\"auto, (max-width: 1024px) 100vw, 1024px\" \/><\/figure>\n","protected":false},"excerpt":{"rendered":"<p>Willkommen Hau\u00dfmannstra\u00dfe 196450 Coburg Sie k\u00f6nnen mich erreichen unter Telefon: +49 9561 3537373Telefax: +49 9561 3539698praxis@loeffler-logopaedie.de Hausbesuche m\u00f6glich, wenn \u00e4rztlich verordnet Eigene Parkpl\u00e4tze vorhanden<\/p>\n","protected":false},"author":2,"featured_media":51,"parent":0,"menu_order":0,"comment_status":"closed","ping_status":"open","template":"","meta":{"pgc_sgb_lightbox_settings":"","footnotes":""},"class_list":["post-2","page","type-page","status-publish","has-post-thumbnail","hentry"],"_links":{"self":[{"href":"https:\/\/loeffler-logopaedie.de\/index.php?rest_route=\/wp\/v2\/pages\/2","targetHints":{"allow":["GET"]}}],"collection":[{"href":"https:\/\/loeffler-logopaedie.de\/index.php?rest_route=\/wp\/v2\/pages"}],"about":[{"href":"https:\/\/loeffler-logopaedie.de\/index.php?rest_route=\/wp\/v2\/types\/page"}],"author":[{"embeddable":true,"href":"https:\/\/loeffler-logopaedie.de\/index.php?rest_route=\/wp\/v2\/users\/2"}],"replies":[{"embeddable":true,"href":"https:\/\/loeffler-logopaedie.de\/index.php?rest_route=%2Fwp%2Fv2%2Fcomments&post=2"}],"version-history":[{"count":31,"href":"https:\/\/loeffler-logopaedie.de\/index.php?rest_route=\/wp\/v2\/pages\/2\/revisions"}],"predecessor-version":[{"id":350,"href":"https:\/\/loeffler-logopaedie.de\/index.php?rest_route=\/wp\/v2\/pages\/2\/revisions\/350"}],"wp:featuredmedia":[{"embeddable":true,"href":"https:\/\/loeffler-logopaedie.de\/index.php?rest_route=\/wp\/v2\/media\/51"}],"wp:attachment":[{"href":"https:\/\/loeffler-logopaedie.de\/index.php?rest_route=%2Fwp%2Fv2%2Fmedia&parent=2"}],"curies":[{"name":"wp","href":"https:\/\/api.w.org\/{rel}","templated":true}]}}