{"id":283,"date":"2024-06-14T11:39:18","date_gmt":"2024-06-14T09:39:18","guid":{"rendered":"https:\/\/loeffler-logopaedie.de\/?page_id=283"},"modified":"2024-06-16T20:05:04","modified_gmt":"2024-06-16T18:05:04","slug":"lage-anfahrt","status":"publish","type":"page","link":"https:\/\/loeffler-logopaedie.de\/?page_id=283","title":{"rendered":"Lage \/ Anfahrt"},"content":{"rendered":"\n<p style=\"font-size:clamp(0.875rem, 0.875rem + ((1vw - 0.2rem) * 0.708), 1.3rem);\">Meine Praxis befindet sich nahe dem Rosengarten im Eckhaus der Ketschendorfer Stra\u00dfe mit der Hau\u00dfmannstra\u00dfe.<\/p>\n\n\n\n<figure class=\"wp-block-image size-large has-custom-border\"><img loading=\"lazy\" decoding=\"async\" width=\"1024\" height=\"1003\" src=\"https:\/\/loeffler-logopaedie.de\/wp-content\/uploads\/2024\/06\/Praxis-Anfahrt-1024x1003.png\" alt=\"\" class=\"wp-image-261\" style=\"border-radius:35px\" srcset=\"https:\/\/loeffler-logopaedie.de\/wp-content\/uploads\/2024\/06\/Praxis-Anfahrt-1024x1003.png 1024w, https:\/\/loeffler-logopaedie.de\/wp-content\/uploads\/2024\/06\/Praxis-Anfahrt-300x294.png 300w, https:\/\/loeffler-logopaedie.de\/wp-content\/uploads\/2024\/06\/Praxis-Anfahrt-768x752.png 768w, https:\/\/loeffler-logopaedie.de\/wp-content\/uploads\/2024\/06\/Praxis-Anfahrt.png 1395w\" sizes=\"auto, (max-width: 1024px) 100vw, 1024px\" \/><\/figure>\n\n\n\n<p style=\"font-size:clamp(0.875rem, 0.875rem + ((1vw - 0.2rem) * 0.708), 1.3rem);\">Die Adresse meiner Praxis f\u00fcr ein Navigationssystem lautet:<br>Hau\u00dfmannstr. 1, Coburg (Routerplaner <a href=\"https:\/\/www.google.de\/maps\/place\/Hau%C3%9Fmannstra%C3%9Fe+1,+96450+Coburg\/@50.2498148,10.9656765,16z\/data=!3m1!4b1!4m6!3m5!1s0x47a3ce0ca2c00be5:0x8d2ae659ff0b698c!8m2!3d50.2498148!4d10.9682514!16s%2Fg%2F11c1pl56rd?entry=ttu\" target=\"_blank\" rel=\"noreferrer noopener\">GoogleMaps<\/a>)<\/p>\n\n\n\n<p style=\"font-size:clamp(0.875rem, 0.875rem + ((1vw - 0.2rem) * 0.708), 1.3rem);\">Vor der Praxis finden Sie drei Privatparkpl\u00e4tze, die Sie w\u00e4hrend des Aufenthaltes in meiner Praxis nutzen k\u00f6nnen.<\/p>\n\n\n\n<p style=\"font-size:clamp(0.875rem, 0.875rem + ((1vw - 0.2rem) * 0.708), 1.3rem);\">Sie k\u00f6nnen meine Praxis auch bequem mit dem <a href=\"https:\/\/bahnland-bayern.de\/de\/moby\/efa\/app\/trip?formik=destination%3DstreetID%253A1500000275%253A1%253A9463000%253A1%253AHau%25C3%259Fmannstra%25C3%259Fe%253ACoburg%253AHau%25C3%259Fmannstra%25C3%259Fe%253A%253AHau%25C3%259Fmannstra%25C3%259Fe%253A96450%253AANY%253ADIVA_SINGLEHOUSE%253A1220977%253A5510344%253AMRCV%253ABAY%253A0&amp;lng=de&amp;trip=multiModalitySelected%3Dpt\" target=\"_blank\" rel=\"noreferrer noopener\">\u00d6PNV<\/a> erreichen. Es liegen zwei Haltestellen des VGN in direkter N\u00e4he:<\/p>\n\n\n\n<ul class=\"wp-block-list\">\n<li style=\"font-size:clamp(0.875rem, 0.875rem + ((1vw - 0.2rem) * 0.708), 1.3rem);\"><a href=\"https:\/\/bahnland-bayern.de\/de\/moby\/efa\/app\/trip?formik=destination%3Dde%253A09463%253A73036&amp;lng=de&amp;trip=multiModalitySelected%3Dpt\" target=\"_blank\" rel=\"noreferrer noopener\"><mark style=\"background-color:rgba(0, 0, 0, 0);color:#ff0000\" class=\"has-inline-color\">Marienberg<\/mark><\/a>: erreichbar mit den Linien 1406, 1410, 1454, 1469<\/li>\n<\/ul>\n\n\n\n<ul class=\"wp-block-list\">\n<li style=\"font-size:clamp(0.875rem, 0.875rem + ((1vw - 0.2rem) * 0.708), 1.3rem);\"><a href=\"https:\/\/bahnland-bayern.de\/de\/moby\/efa\/app\/trip?formik=destination%3Dde%253A09463%253A71638&amp;lng=de&amp;trip=multiModalitySelected%3Dpt\" target=\"_blank\" rel=\"noreferrer noopener\"><mark style=\"background-color:rgba(0, 0, 0, 0);color:#ff0000\" class=\"has-inline-color\">Ernst-Faber-Stra\u00dfe<\/mark><\/a>: erreichbar mit den Linien 1401, 1416<\/li>\n<\/ul>\n\n\n\n<p>Durch Klicken auf die Haltestellennamen \u00f6ffnet sich ein Planer f\u00fcr den \u00d6PNV.<\/p>\n","protected":false},"excerpt":{"rendered":"<p>Meine Praxis befindet sich nahe dem Rosengarten im Eckhaus der Ketschendorfer Stra\u00dfe mit der Hau\u00dfmannstra\u00dfe. Die Adresse meiner Praxis f\u00fcr ein Navigationssystem lautet:Hau\u00dfmannstr. 1, Coburg (Routerplaner GoogleMaps) Vor der Praxis finden Sie drei Privatparkpl\u00e4tze, die Sie w\u00e4hrend des Aufenthaltes in meiner Praxis nutzen k\u00f6nnen. Sie k\u00f6nnen meine Praxis auch bequem mit dem \u00d6PNV erreichen. Es [&hellip;]<\/p>\n","protected":false},"author":1,"featured_media":0,"parent":0,"menu_order":0,"comment_status":"closed","ping_status":"closed","template":"","meta":{"pgc_sgb_lightbox_settings":"","footnotes":""},"class_list":["post-283","page","type-page","status-publish","hentry"],"_links":{"self":[{"href":"https:\/\/loeffler-logopaedie.de\/index.php?rest_route=\/wp\/v2\/pages\/283","targetHints":{"allow":["GET"]}}],"collection":[{"href":"https:\/\/loeffler-logopaedie.de\/index.php?rest_route=\/wp\/v2\/pages"}],"about":[{"href":"https:\/\/loeffler-logopaedie.de\/index.php?rest_route=\/wp\/v2\/types\/page"}],"author":[{"embeddable":true,"href":"https:\/\/loeffler-logopaedie.de\/index.php?rest_route=\/wp\/v2\/users\/1"}],"replies":[{"embeddable":true,"href":"https:\/\/loeffler-logopaedie.de\/index.php?rest_route=%2Fwp%2Fv2%2Fcomments&post=283"}],"version-history":[{"count":13,"href":"https:\/\/loeffler-logopaedie.de\/index.php?rest_route=\/wp\/v2\/pages\/283\/revisions"}],"predecessor-version":[{"id":343,"href":"https:\/\/loeffler-logopaedie.de\/index.php?rest_route=\/wp\/v2\/pages\/283\/revisions\/343"}],"wp:attachment":[{"href":"https:\/\/loeffler-logopaedie.de\/index.php?rest_route=%2Fwp%2Fv2%2Fmedia&parent=283"}],"curies":[{"name":"wp","href":"https:\/\/api.w.org\/{rel}","templated":true}]}}